mon factor of 1 and g.
1
Let m = 540 + -158. Let l = -226 + m. What is the highest common factor of l and 24?
12
Suppose -3*c + 2*z = 5*z + 36, -c - 12 = -2*z. Let d be 6/5*10*(-3)/c. Suppose 42 = -d*q + 63. What is the greatest common divisor of q and 35?
7
Let f = 419 - 392. Suppose -3*a = 2*a. Suppose 135 = -a*h + h. Calculate the greatest common divisor of h and f.
27
Suppose -106*v = -418*v + 583 + 6281. Calculate the greatest common divisor of 29282 and v.
22
Let c(b) = 2*b**2 + 28*b + 122. Let p be c(-9). Let f = 66 + 62. What is the greatest common factor of f and p?
32
Let d(y) = -12*y - 56. Let n = -26 - -10. Let i be d(n). Calculate the greatest common divisor of 16 and i.
8
Suppose -39 = 2*c - 75. Suppose -43 - 65 = -c*z. Let i be 2/(-4) + (-31)/(-2). Calculate the highest common divisor of i and z.
3
Suppose -2*v = 4*o - 84, -2*v = -3*o - 74 + 4. Let j(i) = 20*i - 24. Let s be j(v). What is the greatest common divisor of s and 46?
46
Let z be -2 - 1 - (13 + -373). What is the greatest common divisor of z and 21?
21
Let d be 10/30*(-12)/20 + (-2612)/(-10). Calculate the highest common divisor of d and 36.
9
Suppose 9 = -2*h - 5*g, -3*h - 9 = g - 15. Suppose -h*p = 98 - 284. Calculate the highest common factor of p and 279.
31
Suppose -9*g - 184 = -g. Let o = 13 - g. Suppose -34 - o = -5*h. Calculate the highest common factor of 28 and h.
14
Suppose 2*b = 4*n + 52, -341*b + 343*b - 2*n - 40 = 0. Calculate the greatest common divisor of b and 2793.
7
Suppose 2*x - 3702 = -5*h, -1401*h - 5*x = -1402*h + 735. What is the greatest common divisor of 16 and h?
4
Let q = 127 + -124. Suppose 0 = -l - 5*z + 1 + 36, 0 = -4*l + q*z + 102. What is the greatest common divisor of 6 and l?
3
Let u(j) = -139*j + 6224. Let q be u(-14). What is the highest common factor of 950 and q?
190
Let h = -12 + 59. Suppose 0 = 5*b + x - h, 53 = 5*b - 0*b - x. What is the highest common factor of b and 170?
10
Let t(b) = b**3 - 65*b**2 + 63*b + 112. Let z be t(64). Calculate the greatest common factor of 7152 and z.
48
Let t(d) = -d**2 - d + 1. Let n be t(0). Let g(m) = m**2 - 27*m + 19. Let p be g(25). Let c = p + 34. What is the highest common factor of n and c?
1
Suppose 13*m - 10*m - 6 = 0. Let l be (m - (-1 + 3))/(-4) - -8. Calculate the highest common divisor of l and 8.
8
Suppose 8*v = 5*v + l - 239, -2*v = -3*l + 164. Let y = v - -147. Suppose 2*x - y = 48. What is the highest common divisor of 145 and x?
29
Suppose -725 = -3*a + 2*l, -1230*a = -1225*a + 2*l - 1219. What is the highest common divisor of 351 and a?
27
Let i = -21 + 22. Let h be i - 22/18 - 33618/351. Let m = 184 + h. Calculate the highest common factor of m and 11.
11
Suppose -5*m + 3961 + 219 = 0. Suppose 0 = -3*t + i + m, -3*t - i + 287 = -551. Let l be -62*1*(-2)/4. What is the greatest common divisor of t and l?
31
Let l be (32/(-3 + 5))/2. Let n be 30 - -20 - l/2. What is the highest common divisor of n and 506?
46
Suppose 0 = -3*k + 2*v - 10, -3*k - 5*v + v + 20 = 0. Suppose 5*o - 3270 = -5*q, -3*q + k*o + 2*o + 1972 = 0. What is the greatest common factor of 32 and q?
16
Let v(y) = 114*y + 184. Let r be v(5). What is the highest common divisor of r and 638?
58
Suppose -5*w + 3027 - 582 = 0. Calculate the greatest common factor of w and 12.
3
Let i(m) = 3*m + 2. Let a be i(-4). Let j(f) = 76*f + 153. Let d be j(-2). Let x be (a - 2)*-1 - d. What is the greatest common divisor of x and 132?
11
Let j(v) = 75*v**2 + 273*v + 7. Let w be j(-4). Calculate the highest common factor of 1357 and w.
23
Let r be (-3 - (-190)/70) + (-13689)/(-63). Let n be 369/12 + 2/8. Calculate the greatest common factor of r and n.
31
Suppose -4*z = -4*m - 3052, -2*m - 3143 = -6*z + 1443. Calculate the greatest common divisor of z and 15.
15
Let p be (((-3324)/24 - 2) + 4)*(-260)/6. What is the highest common divisor of p and 65?
65
Let z be (5 + -12)*(-6)/1. Let n = 419 - z. Let r = n + -223. What is the greatest common factor of r and 14?
14
Let m(d) = 3*d**2 + 84*d + 72. Let j be m(-31). What is the highest common factor of 81 and j?
27
Let d(m) = -m**2 + 23*m - 11. Let g be d(12). Let q = g - 117. What is the greatest common divisor of q and 28?
4
Suppose -2*v + 153 = -b, 0*v + 232 = 3*v - b. Let g = 105 - v. Let t be (0 - -5)*13/1. What is the greatest common factor of t and g?
13
Suppose 0 = 3055*v - 2935*v - 8040. What is the highest common factor of v and 5963?
67
Let p be (-10)/(-3 + 1981/672). Calculate the greatest common factor of p and 24.
24
Let o(k) = k**3 - k**2 - 2*k + 6. Let l be o(0). Suppose l*h - 6*h = -5*h. Let u = 8 - h. Calculate the highest common divisor of 40 and u.
8
Suppose 0 = 7*x - 8*x + 369. Suppose -4*y + 8*y - 329 = h, -4*h - 168 = -2*y. What is the greatest common divisor of y and x?
41
Let p be (815/326)/(5/124). What is the greatest common divisor of 10354 and p?
62
Suppose l + 4 = -2*f, f + 4 = -2*l - f. Suppose l = -n + 2*c + 95, 2*n + c = -2*c + 155. What is the greatest common divisor of n and 17?
17
Suppose 10*k - 6*k - 216 = 0. Suppose 16*x - 197 = 171. Let s = 29 - x. What is the highest common divisor of k and s?
6
Let w be 49/((-931)/190) + 1747 - (10 - 1). Calculate the greatest common divisor of w and 324.
108
Suppose 0 = 2*g + 3*g + 2*y + 630, -4*g - y = 507. Let d = g - -247. Calculate the greatest common divisor of d and 7.
7
Suppose -3*d - j + 0 = -43, 0 = -5*d + j + 77. What is the highest common factor of 7545 and d?
15
Let m be (-3 - 0)/(2/2). Let f = 4 - m. Suppose -o + f = 6*o. Calculate the highest common factor of 9 and o.
1
Suppose 0 = -32*a - 1073 + 2417. Suppose 4*y - 76 = 64. Suppose 7*i - y = 2*i. What is the highest common factor of i and a?
7
Let s(h) = -49*h - 666. Let f be s(-34). What is the greatest common divisor of f and 40?
40
Let b = 533 + -312. Let j(m) = 9*m + 35. Let n be j(-2). Calculate the highest common divisor of n and b.
17
Let p be 18/4 + (-5)/10. Let b = -79850 - -79870. What is the greatest common factor of p and b?
4
Let g be 7/(21/64)*(-18)/(-24)*2. What is the greatest common factor of 25072 and g?
16
Suppose -5*x + x + 540 = 0. Let o be 12/9*(356/16 - 11). Calculate the highest common divisor of o and x.
15
Let k(q) = 17*q - 208. Let h be k(16). Calculate the greatest common factor of 200 and h.
8
Suppose 4*y - 4*v - 84 = 0, -y - 4*v - v + 39 = 0. Let c be 0 + 3 - 6 - -3. Suppose c*l + 32 = 4*l. What is the greatest common factor of l and y?
8
Let f(o) = 3*o - 28 + 25 - 19. Let x be f(14). Suppose 0 = j - 6*j + 700. What is the highest common divisor of x and j?
20
Let g be (2*302)/(180/90). Calculate the greatest common factor of 2 and g.
2
Let f(y) = -2*y**2 - 5*y - 4. Let a be f(-3). Let s be (12/a)/(4/(-294)). Suppose 7*r - r - s = 0. Calculate the greatest common factor of r and 3.
3
Let j be -1 + (-4 - -3)*-27. Suppose -10*g + 12*g = j. Suppose -8*l - 65 = -13*l. What is the greatest common factor of g and l?
13
Suppose 15*c + 80 = 5*v + 12*c, -5 = -c. Suppose -2*q - 15 = -v. Let f(k) = -k**2 - 6*k + 2. Let a be f(-6). Calculate the highest common factor of q and a.
2
Let d = 13 + -8. Suppose 3*v - 21 = -j, -d*v + 45 = 2*j + 3*j. Let i be (9/v)/(3/28). Calculate the greatest common factor of i and 21.
7
Suppose -16*t + 18*t = 140. Let b = t + -31. Let s(r) = -r**3 - 23*r**2 + 26*r + 51. Let i be s(-24). Calculate the greatest common factor of i and b.
3
Let n(h) = -h**2 - 70*h - 261. Let f be n(-66). Calculate the greatest common divisor of f and 75.
3
Suppose 27*j - 25*j = -3*m + 1806, -2*m + 1204 = -5*j. What is the greatest common factor of 84 and m?
14
Let x be (2 - (-6)/(-9))/(74/141192). What is the greatest common factor of x and 159?
159
Let z = -15135 + 15199. What is the highest common divisor of 3952 and z?
16
Let g = -7180 - -12812. Calculate the greatest common factor of 66 and g.
22
Let p(m) = -m**2 - 8*m + 2. Let d be p(0). Suppose -5*t - 23 = -d*q - 10*t, 0 = 5*q + 2*t - 68. Calculate the greatest common divisor of 854 and q.
14
Let d(t) = 141*t + 877. Let h be d(13). Calculate the greatest common factor of 50 and h.
10
Suppose -3*i + 5*g + 134 = 80, -31 = -2*i + 5*g. What is the highest common factor of 14 and i?
1
Let c be (-228)/(-532) - 9335/(-7). Suppose 1342*m = c*m + 480. Let u(j) = -1